-3))/(7/(-660 + -12)). Suppose -51*u + 47*u = -y. Calculate the greatest common factor of u and 8.
8
Let m = 26 - 12. Suppose d - 35 = h + 848, 4*d + h = 3527. Suppose 3*r = -4*r + d. What is the greatest common factor of m and r?
14
Let j = 1444 + -1447. Let f(d) be the first derivative of 2*d**3 + 7*d**2/2 + 15*d + 2. Let p be f(j). Calculate the greatest common factor of 24 and p.
24
Let r = 468 + -148. Suppose 5*k - r = -0*k. Suppose -k = 25*x - 29*x. What is the greatest common divisor of 8 and x?
8
Suppose 3*m = 9*m - 24. Suppose -4*s = -m*u - 52, 0*s + 68 = 5*s - 2*u. What is the greatest common factor of 21 and s?
7
Let y be (-2 - (-3)/6)/((-1)/(-10)). Let s(f) = f**2 + 13*f - 19. Let v be s(y). Suppose v*u = 12*u - 2. Calculate the highest common divisor of 2 and u.
2
Let s be 90*1*9*(-3)/(-81) - 0. What is the highest common factor of s and 250?
10
Suppose 3*z + 65 = 4*n, 4*n + z = -0*z + 69. Let t = -72 - -72. Suppose t = -7*s + 2*s + 765. What is the highest common factor of n and s?
17
Let n(s) = -347*s + 5586. Let j be n(16). What is the greatest common factor of j and 19601?
17
Suppose -17059 = 20*a - 17219. Calculate the highest common factor of a and 29144.
8
Suppose 4*m = 2*o - 99894, 43430 + 106405 = 3*o - 4*m. Calculate the highest common divisor of 279 and o.
279
Let l be 1/5 + 4940/50. Calculate the greatest common factor of 4086 and l.
9
Suppose 29*p - 117684 - 463572 = 122719. What is the greatest common divisor of 25 and p?
25
Let h be (55/(-10) + 6)*4 + (-30)/(-6). What is the greatest common divisor of 5201 and h?
7
Let p be (3/(-6) + 0)/(1/(-10)). Suppose -8 = -3*f + 5*h, 0 = p*f + h - 59 - 1. What is the greatest common divisor of 77 and f?
11
Let v be (597556/310)/(-4 - (-164)/40). Calculate the greatest common factor of v and 237.
79
Let w = -366 - -386. Let o = 4 - 23. Let x = -11 - o. What is the highest common divisor of x and w?
4
Let u(z) = -46*z + 1808. Let t be u(33). Let a = -168 + 284. What is the greatest common factor of a and t?
58
Let f = -111 - -207. Let b(t) = t + 219. Let c be b(21). Calculate the greatest common divisor of c and f.
48
Let y be (28519/(-158))/(2 + -2*20/16). Calculate the highest common factor of 95 and y.
19
Suppose -3*n + 4536 = -3536 - 5521. What is the highest common divisor of 23 and n?
23
Let h be 10/4 - (-3)/2. Let r be -1*h/16*26*-2. Let w = 108 - 17. What is the highest common factor of r and w?
13
Let v(f) = f**3 + 5*f**2 + 2*f - 7. Let i be v(-5). Let b = i - -44. Let s = -1073 + 1091. What is the greatest common divisor of s and b?
9
Suppose -236391 = 271*f - 277242 - 881904. What is the highest common divisor of f and 45?
15
Suppose 272 = 3*q + 4*d, 3*q - d - 2 = 245. What is the greatest common divisor of q and 11382?
42
Let q be ((-6)/42 - 0)/(8/(-168)). Let j(a) = -a**2 - 7*a - 7. Let f be j(-6). Let l be f*27*(6 - 7). What is the highest common divisor of l and q?
3
Suppose -22090 - 23480 = -14*w. Calculate the highest common divisor of w and 105.
105
Suppose -4*c + 6445 = -7099 + 4964. Calculate the highest common divisor of 2535 and c.
195
Let a be ((-1 + 0)/(-1))/(12/(52 + 296)). Calculate the greatest common divisor of 38 and a.
1
Suppose -8*h = q - 91, 0*q + 2*q + 34 = 2*h. Calculate the greatest common divisor of h and 1052.
4
Let d = 886 + -134. Let c = 1277 - d. What is the highest common factor of 210 and c?
105
Let u be 108/5 - 24/540*-9. Suppose -2*i - 314 = -4*p, 3*p + 0*i - 3*i - 240 = 0. Calculate the highest common factor of u and p.
11
Let c be (-33)/2*9/((-81)/30). Calculate the greatest common divisor of c and 65.
5
Suppose 37*n = 43*n + 120. Let h be (6/3 + 333)*(-16)/n. Calculate the highest common divisor of 67 and h.
67
Let g(j) = j**2 - j + 153. Let w be g(0). Suppose -441 = -10*h + 579. Let o be (h/(-4))/(-4 + (-35)/(-14)). Calculate the highest common divisor of w and o.
17
Suppose -y = 21*i - 22*i + 37, -4*i + 3*y + 154 = 0. Calculate the highest common divisor of i and 344.
43
Suppose 2*m = -4*q + 90, -5*m - 168 = -4*q - 449. Let l = 135 + 24. Calculate the greatest common divisor of m and l.
53
Suppose -710 = -5*p + 5*k, 310 = 4*p + 4*k - 298. Calculate the greatest common factor of p and 3.
3
Let m be -12 - 8*170/(-20). Calculate the highest common divisor of m and 812.
28
Suppose 26*v + 13414 = 45*v. Let u = v - 343. Let y be (1 + 1)*66/4. What is the highest common factor of u and y?
33
Let z = 75838 + -75754. Let i(b) = b + 36. Let u be i(0). What is the highest common divisor of u and z?
12
Suppose -d + 5*c = -4908, -4*d + 1891 = c - 17699. What is the greatest common factor of 158 and d?
158
Let z be (1 + 1)/(3/6). Let u = -6185 - -6402. Suppose -z*q - 111 = -3*y, -5*y - q = 3*q - u. Calculate the highest common factor of 82 and y.
41
Let h = 103 + -91. Suppose -9*u - 231 = -h*u. Calculate the highest common factor of u and 22.
11
Suppose 20 = 2*z + 2*u, -12 = -2*u - 4. Suppose 24 = 3*p - 3*w - 0*w, -5*p - 3*w + 40 = 0. Calculate the greatest common factor of z and p.
2
Suppose -6*d = -596 + 578. Let l(h) = -10*h - 23. Let f be l(-11). Calculate the highest common factor of d and f.
3
Let j = 3928 + -3892. Suppose 0 = 3*b - b - 158. Let w = b - -209. Calculate the greatest common divisor of j and w.
36
Let b be (-676)/(-8) - ((-45)/(-10))/(-9). Let j(s) = 9*s + 17. Let p be j(-8). Let g = p + b. What is the highest common divisor of g and 20?
10
Suppose 155 = 70*s - 335. Let m = 7 + -2. Suppose 6 + 21 = 2*l + m*t, 0 = 3*l + t - 60. Calculate the highest common factor of s and l.
7
Let x be 172*(9 - 152/16). Let m be x/(-6) - (8/(-3) - -3). Calculate the highest common divisor of 126 and m.
14
Suppose 9120 = 22*r + 35*r. Calculate the greatest common factor of r and 224.
32
Let k(m) be the third derivative of -2*m**4 - 4*m**3/3 + 77*m**2. Let c be k(-1). What is the highest common factor of c and 56?
8
Let i(n) = 642*n**3 + 8*n**2 - 10*n. Let k be i(1). Calculate the highest common factor of k and 120.
40
Let b be (-10 - -11)*(-2 - -4). Let g be (867/b + 1)/(155/310). Calculate the greatest common divisor of g and 79.
79
Let r be (36/1)/3 - 2. Let z be (-12)/(-10)*(5/(-3) + 10). Calculate the highest common factor of z and r.
10
Let m(w) = -5*w**2 + 109*w + 651. Let j be m(26). Calculate the highest common factor of 693 and j.
21
Suppose 5 = -3*h - 2*h. Let w be (h - -3)/((-10)/(-485)). Suppose 2*f - 35 - w = 0. What is the highest common factor of f and 6?
6
Let s(p) = -13*p + 1. Let y be s(-1). Let m = -14 + y. Suppose -2*u + v + 96 = m, 2*u - 5*u - 2*v + 158 = 0. Calculate the highest common factor of 20 and u.
10
Suppose 31*g - 36*g - 2175 = 5*y, 5*g = -y - 455. Let m = y + 480. What is the highest common factor of m and 125?
25
Let v = -229 + 246. Calculate the greatest common factor of 2176 and v.
17
Suppose 0 = 66*y - 63*y - 1782. Suppose 35*p + y = 41*p. What is the greatest common factor of 18 and p?
9
Suppose -2*k + 2*q = 6, 2*q = -k + 6 + 6. Suppose -k*y = 3*x - 17, -59 = -4*y + 3*x + 20. Let a = 4 - -12. What is the greatest common divisor of y and a?
16
Suppose -121 = 5*r - 4*q, -3*r - 72 = -3*q - 0*q. Let z = 1786 + -1896. Let w = r - z. Calculate the highest common divisor of 34 and w.
17
Suppose -2*b + 571 - 185 = 0. Suppose -5*g + b = 93. What is the highest common divisor of 20 and g?
20
Let b = -33 - -235. Let a = 398 - b. Let f be 3/8*2*(-4 + a). Calculate the greatest common divisor of f and 9.
9
Let m(a) = -a**3 + 32*a**2 - 100*a + 72. Let p be m(28). What is the greatest common divisor of 1717 and p?
17
Let m(y) = 2*y**2 + 9*y - 187. Let d be m(-15). What is the greatest common factor of d and 800?
32
Let z be (192/(-18))/(21/((-378)/12)). Calculate the greatest common divisor of 1680 and z.
16
Let c be -9 + 16/(16/4). Let v(b) = -b**2 - 8*b + 1. Let k be v(c). Suppose -n + k = -0*n. What is the greatest common factor of 176 and n?
16
Suppose -4*l = -z - 77, -5*z + 28 - 128 = -5*l. Let y = 264 - 239. Suppose -d - i + 24 = 0, -8*i + 3*i + y = 0. What is the greatest common divisor of l and d?
19
Let u(y) = -y**3 - 35*y**2 - 72*y - 8. Let x be u(-33). Suppose 0*a - x = -5*a. Calculate the greatest common factor of a and 304.
38
Suppose 285*l = 278*l + 287. Suppose -l = -5*b + p, 3*b = 4*p - 9*p + 19. What 